at is the highest common factor of 68 and u?
17
Suppose -4*p + 15*p = 495. Calculate the highest common divisor of p and 30.
15
Suppose -4*s = -s - 33. Calculate the highest common divisor of 77 and s.
11
Suppose 5*r - 4*j = 130, -6*r + 3*r + 4*j + 78 = 0. Calculate the highest common factor of 13 and r.
13
Let m(l) = 3*l + 1. Let f be m(13). Suppose -u = -5*u + 240. What is the highest common divisor of u and f?
20
Let y be 15/4 - 6/(-24). Suppose 375 = y*t + 111. What is the greatest common factor of t and 6?
6
Let y = 33 - 13. Let i(m) = 10*m**2 + m + 2. Let z be i(-2). Calculate the highest common factor of y and z.
20
Let k(j) = 5*j - 1. Let x be k(1). Suppose -x*p + 18 = -p. Calculate the highest common factor of 2 and p.
2
Let m(c) = c**3 + 11*c**2 - 45*c - 40. Let x be m(-13). Let s(k) = -8*k - 1. Let r be s(-3). Calculate the greatest common divisor of x and r.
23
Suppose 0 = -r + 5*k - 15, 0 = -0*r + r + k - 3. Suppose -g + 90 = -r. Suppose -2*z - z + g = 0. Calculate the highest common divisor of z and 12.
6
Let i be 18*(15/(-9) - -3). Let p = 26 - 18. What is the greatest common divisor of i and p?
8
Let o be (-20)/3 - (-2)/3. Let k = -15 - o. Let l be ((-16)/(-6))/((-3)/k). What is the highest common divisor of l and 40?
8
Let b = -5 - -9. Suppose -5*j = -2 + 22, 0 = -2*c + 5*j + 52. What is the highest common divisor of b and c?
4
Let h(g) = 11*g - 1. Let a be h(4). Let j be (-2)/(-2) + 2*1. Suppose -2*l = 3*o - a, j*l - 38 = l - 2*o. What is the greatest common factor of l and 56?
14
Let c be (60/(-25))/((-2)/(-35)). Let s = -30 - c. Let b = 9 + -6. Calculate the greatest common factor of s and b.
3
Let r be -5 - (-6 - -3) - -5. Suppose -s + r*s - 32 = 0. Calculate the greatest common divisor of 64 and s.
16
Let p = 2 + 40. Let n be ((-99)/22)/(2/(-28)). Calculate the highest common divisor of n and p.
21
Suppose j - 6 - 2 = 0. Let b(l) = 5*l. Let h be b(1). Suppose 2*m = h*m - 36. Calculate the highest common divisor of m and j.
4
Let w be -8 - -12 - (-1 - -1). Suppose w*f = 1 + 3. What is the greatest common divisor of 5 and f?
1
Let d be 3/2 - (-2)/(-4). Let y = -1 - -8. Calculate the greatest common divisor of y and d.
1
Suppose -18*n = -21*n + 42. Let f(d) = d**2 + 7*d + 8. Let m be f(-6). Calculate the greatest common factor of m and n.
2
Suppose -33 = -5*j + 52. Let o(b) = b**3 + 9*b**2 - 4*b - 2. Let c be o(-9). Calculate the greatest common divisor of j and c.
17
Suppose 8*i - 18 = 5*i. Calculate the highest common divisor of 18 and i.
6
Let f = 399 - 269. Suppose 0 = 2*v - 49 - 55. What is the greatest common divisor of f and v?
26
Let o(a) = -2*a**2 - 3*a + 3. Let q be o(3). Let z be (16/q)/(2/(-3)). Calculate the greatest common divisor of z and 6.
1
Let o(z) = z**2 - 6*z + 6. Let m be (-15)/25 + (-33)/(-5). Let f be o(m). Calculate the greatest common divisor of 6 and f.
6
Suppose 0 = -3*z + 7*z - 432. Calculate the greatest common factor of z and 12.
12
Suppose -3*s = 9, 4*a + s = -a + 12. Suppose 4*p = 2*k + 90, 0 = 2*p + a*k - k - 54. Suppose 0*w - 2*w + 32 = 0. What is the highest common factor of p and w?
8
Let s be -4*(-2)/(24/9). Suppose 0 = s*y - 5*n - 221, 0*n - 71 = -y + 3*n. Calculate the highest common divisor of 7 and y.
7
Let z = 5 + -5. Suppose j + z*j - 28 = 0. What is the highest common factor of 4 and j?
4
Suppose u - 55 = -3*o, -3*u = 3*o - 61 + 10. Suppose -16 = -5*w + 2*h - 117, -w - o = -h. Let p = 37 + w. What is the highest common divisor of 112 and p?
16
Let a(z) = -z**3 - z**2 + 3*z + 2. Let n be a(-2). Suppose i + i - 110 = n. What is the highest common divisor of 5 and i?
5
Suppose 0 = -0*m + m - 1. Let c be (2 + 3)/(m/11). Calculate the highest common divisor of c and 5.
5
Let r = -5 + 49. Calculate the greatest common divisor of r and 11.
11
Suppose 3*c - 14 = 2*y, 5*y - c + 35 = -4*c. Let i(h) = -2*h + 10. Let o be i(y). What is the greatest common factor of 3 and o?
3
Suppose -53 = -5*v - 4*m, -v - 2*v + 33 = 2*m. What is the greatest common divisor of v and 13?
13
Let f = -7 - -124. What is the greatest common factor of 13 and f?
13
Let d(m) = 3*m. Suppose -2*b + 2*x = -6*b - 10, 4*b + x = -9. Let f be d(b). Let s be (-4)/f*117/6. What is the greatest common divisor of s and 39?
13
Suppose -34*z + 720 = -24*z. Suppose -4*i - 3*y + 20 = 0, 0*i - i + 4*y + 24 = 0. Calculate the highest common factor of i and z.
8
Let c be 3/1*220/12. Suppose 4*x - 85 = c. What is the highest common divisor of x and 14?
7
Suppose 0*k + 2*l - 702 = -2*k, 3*l + 1383 = 4*k. What is the greatest common factor of 12 and k?
12
Let n(x) = 6 + 0 - 2*x + 3*x + 0. Let g be n(9). Calculate the greatest common factor of 60 and g.
15
Let v = -8 + 15. Let i be (-18)/(-4) - v/14. What is the highest common divisor of i and 44?
4
Let o(p) = 2*p**2 - 5*p. Let l be o(8). Calculate the highest common divisor of 16 and l.
8
Let q = 27 + 116. Calculate the highest common factor of 13 and q.
13
Let z(h) = h - 2. Let s be z(4). What is the greatest common factor of 5 and s?
1
Let g = -72 + 152. Calculate the highest common factor of 10 and g.
10
Let l be (120/25)/(2/10). Let p be (-3)/5 + 2/(-5). Let w = 4 + p. Calculate the highest common divisor of l and w.
3
Suppose 5*j = 3 + 12. Calculate the highest common factor of j and 15.
3
Let f(c) = 4*c. Let x be f(1). Suppose -4*v + 0 = -16. Suppose 0 = -v*a - 3*y + 20, -y - 4 = -0*y. What is the highest common divisor of a and x?
4
Suppose k = -4*y + 67, -3*k + 2*y = -0*y - 159. Suppose 3*v - k = -10. What is the greatest common divisor of 15 and v?
15
Let g(k) = -11*k**2 - 1. Let v be g(-1). Let a be ((-3)/3)/(1/v). What is the highest common factor of a and 4?
4
Let x = 35 + -32. What is the greatest common divisor of x and 54?
3
Suppose -5*p + 168 = -3*r - 103, -5*p = r - 283. What is the greatest common factor of 8 and p?
8
Let q = -274 - -524. Suppose 0*h - q = -5*h. What is the greatest common factor of 10 and h?
10
Let r(u) = u**3 + 6*u**2 - 4*u - 13. Let q be r(-6). Calculate the greatest common divisor of 121 and q.
11
Suppose 0 = 2*v + 2, -99 = -n + 5*v + 49. Suppose 0 = 3*d - 0 - 39. Calculate the greatest common divisor of n and d.
13
Let p(i) = -i**3 - 20*i**2 + 22*i + 25. Let b be p(-21). What is the greatest common divisor of b and 28?
4
Let f(s) = -3*s**3 + 4*s**2 - 7*s + 2. Let n be f(-4). Calculate the greatest common divisor of n and 26.
26
Let r(v) = 53*v**3 - v**2 + 1. Let a be r(-1). Let g = a - -101. Let h(n) = 2*n**2 + n + 4. Let j be h(-4). Calculate the highest common factor of j and g.
16
Let f be (-5)/(-2) + 4/8. Calculate the highest common divisor of 27 and f.
3
Let j be -1 - 12/(-4) - -2. Let c = -4 + 16. Calculate the highest common factor of j and c.
4
Let r = 34 + -22. Suppose 3 - r = d. Let p be (-32)/(-6) + 3/d. What is the highest common divisor of 15 and p?
5
Suppose t = -w + 10, -2 = 5*w - 3*t - 60. Calculate the highest common divisor of w and 77.
11
Suppose -3*h = -2 - 4, -2 = -3*z + 2*h. Let j be 2/1 - (z - 4). Suppose -3*i + 4*p + 3 = -j, 3*i = -2*p + 37. Calculate the greatest common factor of 90 and i.
9
Let l = 17 - 15. Suppose 4 = -p + 5*p, -l*g - p + 97 = 0. Calculate the highest common factor of g and 32.
16
Let f(b) = 16*b**2. Let q be f(1). What is the greatest common factor of q and 144?
16
Suppose -5*u + 304 = 4*p - 6*u, 76 = p - 5*u. What is the greatest common factor of 57 and p?
19
Let v be ((-2)/(-2))/((-2)/(-8)). Calculate the highest common factor of v and 44.
4
Suppose -2*q = 1 + 3. Suppose -2*x = 0, 8*v + 35 = 3*v + 2*x. Let y = q - v. Calculate the greatest common factor of y and 2.
1
Let t(a) = -7*a + 7*a - 7 - a. Let u be t(-11). Let j be u/(-22) + (-90)/(-11). What is the highest common factor of 64 and j?
8
Let m = -3 - -5. Suppose -t + 13 = 2*l - 54, -3*l - m*t + 101 = 0. Calculate the greatest common factor of l and 11.
11
Let g(a) = a + 13. Let r be g(-10). Suppose 3 = -5*m + 23, -3*n + 2*m = -73. Calculate the highest common divisor of n and r.
3
Let r be 6*7/(42/4). Let v = -6 - -13. Suppose -3*d = f + v, -r*f + 4*d - d = -17. What is the greatest common factor of 16 and f?
2
Let f be (14/(-5))/(4/20). Let j be 4/14 + (-290)/f. Suppose -5*v + 924 = -v. Calculate the highest common factor of j and v.
21
Le